Suppose 23 = 17*l + 57. Is -545*(-20)/(-50)*1/l composite?
False
Suppose 0 = 3*t - d + 737, 2*t - 3*d = -136 - 360. Is 4/(-14) - 1038135/t composite?
True
Let a(z) = 5*z**3 - 13*z**2 + 11*z - 23. Let s(r) = 4*r**3 - 14*r**2 + 12*r - 23. Let j(q) = 2*a(q) - 3*s(q). Is j(-12) composite?
True
Let h(r) = r**2 - 4*r - 5. Let q be h(6). Suppose 18624 = q*j + 3203. Is j composite?
False
Let g(q) = 25*q**2 + 14*q + 58. Let t(p) = -25*p**2 - 15*p - 59. Let k(y) = 5*g(y) + 4*t(y). Is k(13) composite?
False
Let i = -170 + 175. Suppose 4*x - 96 = -0*x. Is 5815*(5 - x/i) a composite number?
False
Let n be (-2)/2 - (-35 - -1). Let r = n + -33. Suppose r = 2*g + 2*u - 272, 5*g - 566 = -4*u + 109. Is g a prime number?
True
Let p = -515086 + 1659641. Is p a prime number?
False
Let u(h) = 1412*h**3 - 6*h**2 + 8*h - 1. Is u(3) prime?
False
Let q(b) = 20284*b - 109. Is q(2) prime?
True
Suppose -2*k - 6 = 0, 63*m - 68*m - 3*k = -210106. Is m a composite number?
False
Let h(c) = 1. Let p(f) = -394*f**2 + 78*f - 7. Let w(m) = -6*h(m) - p(m). Is w(5) a prime number?
True
Let l(h) = -917*h + 1489. Is l(-24) a prime number?
True
Suppose k = -5*g + 128222, -356498 = -2*k - 4*g - 100012. Is k a composite number?
False
Let a = 17 + 63. Suppose -4*j = 5*v - 2263, 2*j = -v + 550 - 101. Suppose -g + a = -v. Is g composite?
True
Suppose 85*v = 100*v - 104055. Is v a prime number?
False
Suppose 3*n = 3*l - 4515, -4*l + 0*n + 6011 = -n. Let r = l + -21. Is r composite?
False
Suppose 22*c - 44 = 11*c. Suppose -4983 = 4*v + s - 21152, c*v - 2*s = 16178. Is v a composite number?
True
Suppose -2*d - 3*q + 2884 = -204, -5*q = -5*d + 7745. Let o = d - 729. Is o prime?
False
Let p(m) = -2*m + 7*m**2 - 14 - 5*m**2 + 13 - 2518*m**3. Is p(-1) prime?
True
Let y be (12/8 - 2)*-4. Suppose 0*p - 2*p + y = 0. Let a(n) = 20*n**2 + 3*n. Is a(p) a prime number?
True
Let k(c) = 314*c**2 + 220*c - 1857. Is k(8) a composite number?
True
Let r = 22 - -198. Let p = r - 21. Suppose p = -q + 2*q. Is q a prime number?
True
Suppose -w + 243 = 37. Let r = w - -4037. Let n = r + -2586. Is n composite?
False
Suppose -4*k + 16 + 100 = 0. Suppose 4 = q - 2*g, -5*g + 10 = -q + k. Is -2 - (-36)/q*(-163)/2 composite?
False
Let t(j) = 9179*j**2 + 13*j + 75. Let u be t(-4). Suppose -11*b = -24*b + u. Is b composite?
False
Let z(k) = 112*k**2 - 60*k + 171. Is z(26) a composite number?
False
Suppose 5*o - 149*o - 25*o + 200262803 = 0. Is o prime?
True
Suppose 17*z = 37*z - 747946 - 547314. Is z prime?
True
Suppose -11957317 - 1436777 = -14*k. Suppose 371436 - k = -15*z. Is z a prime number?
True
Let c = 36457 + -24483. Is c prime?
False
Let a be 0/(((-10)/25)/((-2)/(-20))). Suppose a = 5*h - 14226 + 1071. Is h composite?
True
Let b(z) = 19*z**2 - 51*z - 693. Is b(-46) a composite number?
True
Let c(l) = 495*l + 190. Let h be c(-17). Let q = -1978 - h. Is q prime?
True
Let l be -5 - 40236/(-9) - 4/6. Let q = l - 2024. Is q a composite number?
False
Let r = 126462 + 139819. Is r prime?
True
Let n = 3458297 - 2317798. Is n a composite number?
True
Let j(w) be the second derivative of -9*w**5/20 - w**4/3 + 4*w**3/3 - 5*w**2/2 - 17*w. Let i be j(6). Is (4 - 1)*i/(-15) a composite number?
False
Let a = -59 - -61. Suppose 5*b - 6603 = 2*f, a*f + 4 = 6. Let z = b + -944. Is z a prime number?
False
Let s(v) be the second derivative of v**4/12 + 5*v**3/2 + 7*v**2/2 + 8*v. Let u be s(-7). Let w = u - -240. Is w composite?
False
Let v = -14573 + 19488. Is v prime?
False
Let w(s) be the first derivative of s**3/3 - 3*s**2 - 6*s + 19. Is w(11) composite?
True
Suppose 6*m = 64227 + 106533. Suppose 5*s - 35575 = -4*l, 4*s + 21*l = 17*l + m. Is s a prime number?
False
Suppose 0 = 42*i - 44*i - 2*s + 36240, i = 2*s + 18117. Is i a composite number?
False
Let v = -59 + 67. Suppose 4 - 300 = -v*b. Let g = b + 444. Is g a composite number?
True
Let j(o) = 27*o**2 + 17*o - 2. Let u be j(3). Suppose -4*m = 4*r - 632, -r - u - 355 = -4*m. Is m a prime number?
False
Suppose -161*n + 11509597 + 12699490 = 0. Is n composite?
True
Suppose -4*y + 13379 = r, 0 = -r - 5*y + 4*y + 13370. Is r prime?
True
Let d = 7 + -5. Let a = 20255 + -20256. Is 794*((-9)/d*a - 2) prime?
False
Suppose -5*a = -5*f - 353405, -39*a + 3*f - 282766 = -43*a. Is a composite?
False
Let w = -767010 - -1571999. Is w a composite number?
False
Suppose -3*d - d + 143 = p, -2*d + 697 = 5*p. Is p a prime number?
True
Let y = -18772 - -34265. Is y composite?
False
Is ((-5)/(145/696551))/(-2 - -1) a prime number?
True
Let n(l) = 341*l**2 - 70*l - 3359. Is n(-40) prime?
False
Is 868791 - -89 - (-4 - -17) a composite number?
False
Suppose -6*z + 6187 = -7*z + 2*f, 4*z + 2*f + 24768 = 0. Let l = z - -24894. Is l composite?
True
Let i = 35 + -26. Suppose 3*n - i*n = 210. Is 10/n + 1129/7 composite?
True
Suppose 7*q + 213 = 241. Suppose -3*i + 3*v + 3245 = 7*v, 0 = 2*i - q*v - 2150. Is i prime?
False
Is 9/(63/(-144179))*-1 composite?
True
Is (5 + (-28246)/(-6))*1113/14 composite?
True
Suppose 4*u - 5*u + 18672 = -2*i, -3*i - 27982 = 5*u. Let s = -527 - i. Is s a composite number?
False
Let r = 66452 + -26845. Is r prime?
True
Let u = -47 + 330. Let p(d) = 5 - 43*d - 22*d - u*d. Is p(-3) prime?
True
Let p be (2290/(-6) + 1)/((-30)/1035). Suppose -6*t = -2*t + 3*u - p, -3*u - 13163 = -4*t. Suppose 5*m + 132 = t. Is m a prime number?
True
Let k = 193978 - -43279. Is k a prime number?
True
Let q(j) = -1112*j**3 + 4*j**2 - 5*j + 2. Let z be q(2). Let a = z - -22425. Is a composite?
False
Suppose 3*t = 2*q + q - 24, -4*q = 3*t - 11. Let b be (-3 + 2)*(-5 + q) - -2. Suppose -2*g - 3*k + 883 = 0, -b*k + 7*k - 2210 = -5*g. Is g prime?
True
Is -2*83036*28/(-16)*2 - -9 a composite number?
False
Let l be ((-168)/147)/((-8)/2156). Suppose -352 = 2*m + 4*y, -20 = -3*y - y. Let a = m + l. Is a a composite number?
True
Let j(l) = -48*l**3 - l**2 + 2*l + 7. Let p be j(-4). Suppose 13*n - 8*n = p. Is n a prime number?
False
Is -3*(-5)/(-15)*(-219592)/8 a prime number?
True
Let x(y) = -8*y**3 - 4*y**2 - 5*y + 9. Let t be x(6). Let z = t - -823. Let s = z + 1779. Is s prime?
True
Let l = -328619 - -985270. Is l composite?
False
Let t(f) = 5206*f + 11. Let m(h) = -5205*h - 10. Let d(a) = 3*m(a) + 2*t(a). Is d(-1) prime?
False
Let l(h) = h**3 - 13*h**2 + 3*h - 47. Let a be l(13). Is a/((-2)/1) + (-11790)/(-6) composite?
True
Is (130/455)/((-4)/(-2614822)) a composite number?
False
Let o be 39*1 - (-5 + 20/5). Suppose -11*y + 26 = -o. Let a(i) = 2*i**3 + 2*i**2 - 12*i + 13. Is a(y) prime?
False
Suppose 0 + 8 = d. Let q be d/(-60) + 11638/(-15). Is (q/24)/(1/(-21)) a composite number?
True
Let l = 593623 - 180142. Is l a prime number?
False
Let p be ((-31)/(-4))/((-9)/(-756)). Suppose 5*k = p + 30984. Suppose 7*a - k = -1840. Is a a prime number?
True
Suppose -12*u = -3653773 - 3480215. Is u composite?
False
Suppose 0 = 2*c - 5*t - 175738, 0 = -4*c + 4*t - 122939 + 474415. Is c prime?
True
Let h(i) = 100*i + 7. Suppose 2*b = 4*p + 34, 4*b - 2*p + p = 54. Let o = 22 - b. Is h(o) a prime number?
True
Let b be ((-109430)/15 + 7)/(3/(-18)). Suppose b = -0*p + 5*p. Is p prime?
False
Let w(c) = 2*c**2 + 24*c - 11. Let d be w(-13). Let l(m) = m**2 - 14*m - 13. Let f be l(d). Suppose 0 = -5*n + b + 6800, 4*b + 4063 = n + f*n. Is n prime?
True
Suppose -3*l - 10*l + 156 = 0. Suppose l*j = 3715 + 3245. Let g = j - 243. Is g a prime number?
True
Suppose 4*s + 338780 = -16*s. Let z = 24578 + s. Is z a prime number?
True
Suppose 3*c - 5*o + 1590 = 0, 3*c = c - 5*o - 1060. Let n = c - -889. Suppose a - n = -5*r, -r = -0*a + a - 375. Is a a prime number?
True
Let b(y) = 1033922*y**2 + 436*y - 437. Is b(1) a prime number?
False
Is (11671*(-25)/275)/((-393)/(-197) - 2) prime?
False
Suppose -6917*o - 1058291 = -6930*o. Is o a prime number?
False
Is (7 - 13) + -8 + 94243 a prime number?
True
Suppose 124*w - 250*w = -151*w + 65942075. Is w prime?
True
Let q = -21 + 22. Let d be (-16)/(-2)*1043*q. Let n = -4973 + d. Is n a composite number?
False
Let b = -12 - 5. Let c be ((-34)/b)/((-4)/2918). Is 1/3*(2 - c) prime?
True
Suppose 4*p = -0*p + 2*d - 264, 5*p = 5*d - 320. Let i = -66 - p. Suppose t - 350 = -5*x + x, 724 = i*t - 4*x. Is t composite?
True
Suppose 47*b = 4*n + 45*b - 208200, 0 = 2*b - 4. Is n composite?
False
Supp